(43/2 - 2)).
13, 53
Suppose 12*l - 14*l = -14. Let x(a) = -2*a - l + 3*a + 5*a. List the prime factors of x(5).
23
Let z = 1022 + 2818. List the prime factors of z.
2, 3, 5
Let x = -1496 - -2169. What are the prime factors of x?
673
Suppose u - 4*b - 275 = -b, 0 = -2*u - 3*b + 559. List the prime factors of u.
2, 139
Let t = -16 - 1. Let r = t + 114. What are the prime factors of r?
97
Let p(y) = 11*y - 6. Let k be p(6). What are the prime factors of (k/(-9) - -3)/(2/(-66))?
11
Let m(o) = -9*o**2 + o - 6. Let k(n) = 17*n**2 - 2*n + 11. Let b(p) = 6*k(p) + 11*m(p). Let u(z) = z - 11. Let f be u(9). What are the prime factors of b(f)?
2, 7
Suppose -38*x - 15504 = -62*x. What are the prime factors of x?
2, 17, 19
What are the prime factors of 438*(22/(-8))/11*-6?
3, 73
What are the prime factors of ((-21164)/(-66) - 17)/(2/12)?
2, 911
Suppose -5*p = -s - 5008 + 1174, 0 = -5*p - 5*s + 3810. List the prime factors of p.
2, 383
Let k(a) = 3*a**3 - 2*a**2 - 7*a + 5. List the prime factors of k(4).
137
Let g(a) = 28*a + 4. Let j be g(3). Suppose -2*f + 11 = 4*i - 3*i, -22 = -5*i + f. Suppose -i*c + c = -j. What are the prime factors of c?
2, 11
Let h(v) = v**3 + 6*v**2 - 10*v - 5. Let r = -22 - -15. Let s be h(r). Suppose -9*l + s = -5*l. List the prime factors of l.
2
Let i = -3353 + 4865. What are the prime factors of i?
2, 3, 7
Let v(r) = -3*r - 7 - 5 + r. Let i be v(-7). Suppose 0 = -k - 5*n + 16, -3*k + n + 76 = i*n. List the prime factors of k.
2, 13
Let x = -753 + 1184. List the prime factors of x.
431
Let z(r) = -5*r**3 + 6*r**2 - 5*r + 4. Let o be z(2). Let x be 0 + (-30)/1 + 0. Let g = o - x. List the prime factors of g.
2
Let p = -63 - -1. Let z = p + 276. Suppose -43 = -i + 5*t, -3*i - 3*t = -t - z. List the prime factors of i.
2, 17
Suppose -4*t + 3*w - 6 - 1 = 0, 5*w - 8 = 3*t. What are the prime factors of t - -188 - (2/1 - 6)?
191
Let f(a) = 15*a**2 + 8*a - 11. List the prime factors of f(-6).
13, 37
Suppose -5*p - p + 684 = 0. Suppose 338 = 3*a + 4*i + p, -2*i = a - 72. List the prime factors of a.
2, 5
Suppose -2*s - 2009 = -3*j, 13*j - 678 = 12*j - s. What are the prime factors of j?
673
Let n(t) = -t + 4. Let w = 10 - 4. Let m be n(w). What are the prime factors of m + 37 - (-5 + 4)?
2, 3
What are the prime factors of (-210)/(-4) - 0 - 30/(-12)?
5, 11
Let i be 1 - 2*(-4)/8. Suppose -4*s + i*f + 5 = -21, 4*s + f = 23. List the prime factors of s.
2, 3
Let x(p) = p**2 + 3*p. Let w be x(-3). Suppose -3*n = -3*r + 75, 3*n + 3*r = -w*n - 81. List the prime factors of ((-13)/n)/((-1)/(-6)).
3
Let q be -3*(1 + 0) - -3. Suppose -g = -q*g - 1. What are the prime factors of (g/(-2))/((-11)/814)?
37
Suppose -7*w + 3808 = 2*m - 4*w, -5712 = -3*m - 2*w. What are the prime factors of m?
2, 7, 17
Let j = 1515 + -411. List the prime factors of j.
2, 3, 23
What are the prime factors of (49 - -857) + (-1 - 6)?
29, 31
Let d be (23/2 - 0)*-2. Let o = 30 + d. List the prime factors of (13/7 + -1)*o.
2, 3
Let l(a) be the second derivative of a**4/12 + 2*a**3 - 3*a**2/2 - 2*a. List the prime factors of l(-16).
61
Suppose -4*b + 6*b - 5*c - 15 = 0, 3*b - 17 = 2*c. Suppose -x = 5*y + 23, 0 = -7*x + 3*x + b*y + 33. List the prime factors of x.
2
Let r(c) = -c**3 + 33*c**2 + 50*c + 15. List the prime factors of r(34).
13, 43
Let i be (62/(-12))/(5/(-30)). Let z(k) = -2 + 29*k - i*k + 0. What are the prime factors of z(-5)?
2
Let u = 242 + 40. What are the prime factors of u?
2, 3, 47
Suppose -2*d - 1 + 7 = i, -4*d - 3*i + 10 = 0. Suppose 0 = -d*h + 153 + 27. Suppose 0 = 5*f - 55 - h. List the prime factors of f.
2, 5
Let d = 36 - 29. Suppose -11*m = d*m - 1116. What are the prime factors of m?
2, 31
Suppose 0*z + 5*z - 90 = 3*n, 2*z - 4*n - 50 = 0. List the prime factors of ((-15)/z)/(2/(-36)).
2, 3
Let m = -27 + 184. What are the prime factors of m?
157
Suppose q = 2*a - 13 - 94, 4*a = -8. Let c = 158 + q. Let z = -22 + c. What are the prime factors of z?
5
List the prime factors of 6/(-4) + (15 - 109655/(-26)).
4231
Let y = 311 - 210. Let n = -48 + y. What are the prime factors of n?
53
Suppose 0 = -5*p + 5*z + 100, 0 = 4*p - 3*z - 80. Suppose 0*u = u. Suppose 3*j + t = 60, u = -3*j - 2*t + p + 43. What are the prime factors of j?
19
Let d be (-34 + 27)/((-1)/(-2) - 0). Let s = d + 47. What are the prime factors of s?
3, 11
Let m be -4 - (3/1 - 6). Let p = m - -3. What are the prime factors of (0 - (-3 + p))*4?
2
Let g = 9 + -2. Let t be (-1)/(-2)*(g + -7). Suppose -86 = -2*u - t*u. What are the prime factors of u?
43
Let j = -6 + 1. Let c(y) = y - 59 + 59 - 2*y**2 + 3*y**2. List the prime factors of c(j).
2, 5
What are the prime factors of (97/(-3))/(2*1/(-90))?
3, 5, 97
Suppose -v = -5*i - 48, -2*i - 3*i = 5*v - 330. Suppose 5 - 17 = 4*w. List the prime factors of w + (-6)/(-2) + v.
3, 7
Let z = -189 - -3122. What are the prime factors of z?
7, 419
Suppose -8*t + 24 = -4*t. Suppose -t*w + w = -230. List the prime factors of w.
2, 23
Let m be (4/(-10))/(8/(-1440)). Let g = 4 + m. List the prime factors of g.
2, 19
Suppose -1633 = 17*p - 4897. List the prime factors of p.
2, 3
Suppose -7*a = -3*a + 3*s + 17, -3*a = -4*s - 6. List the prime factors of -1*408/(-4) - a.
2, 13
Suppose 11*c - 121 = -33. List the prime factors of -1 + 5 + (5 - c) + 147.
2, 37
What are the prime factors of -11 - 11*(9 + -538)?
2, 3, 11
Let g(o) = 24*o - 22. List the prime factors of g(17).
2, 193
Let f(c) = -c**2 - 4 - 5*c**2 + 2*c**2 + 3*c**3. Let t(h) = -36*h + 3. Let x be t(0). List the prime factors of f(x).
41
Let u = -66 - -94. Let x = u - -80. Let p = x - 55. List the prime factors of p.
53
Suppose 5*y + 2*o - 190 = 0, -o - 13 - 32 = -y. List the prime factors of y*((-6)/4)/(12/(-16)).
2, 5
Suppose i + 59 - 23 = 4*d, -5*d + 4*i = -45. Let r = d + -9. Suppose 5*s + 49 - 149 = r. List the prime factors of s.
2, 5
Suppose 4*l - 692 = 760. Let z = l - 137. List the prime factors of z.
2, 113
Suppose 0*z - 3*z = 63. What are the prime factors of 2855/35 - 9/z?
2, 41
Let r = 334 + -134. Let s = r + -53. What are the prime factors of s?
3, 7
Suppose 88*t - 23139 = 79*t. List the prime factors of t.
3, 857
Let h = 19 - 17. Suppose 2*j = h - 0. List the prime factors of j/(1 - 0) - -22.
23
Let c(j) = -j**3 - 7*j**2 - j + 3. Let q be (-72)/10 + (-3)/(-15). List the prime factors of c(q).
2, 5
What are the prime factors of 24/(-16)*(-16180)/15?
2, 809
Let f(y) = y**3 - 17*y**2 - 19*y + 23. Let x be 4/8 - 35/(-2). Let g be f(x). Suppose l + 4*u - 69 = 0, 4*l + l + g*u = 375. List the prime factors of l.
7, 11
List the prime factors of 1 - 9 - 1/(13/(-41145)).
7, 11, 41
Let a = 328 - -698. List the prime factors of a.
2, 3, 19
Suppose 0 = 2*t + 28 - 678. What are the prime factors of t?
5, 13
Suppose 28 + 17 = f. Suppose -15*t + 16 = -16*t. Let x = f + t. List the prime factors of x.
29
Let t be 3072/28 - 4/(-14). List the prime factors of (2904/t)/((-2)/(-10)).
2, 3, 11
Let k = -503 + 913. List the prime factors of k.
2, 5, 41
Let r be (-3 + 613)/2 + -2. Suppose -2*m + x + 203 = 0, -3*m = 3*x - r - 15. What are the prime factors of m?
103
What are the prime factors of (-15920)/(-150) - (-4)/(-30)?
2, 53
Let u = -65 - -63. List the prime factors of (0 - 3) + 137 + u.
2, 3, 11
Let m = -81 - -147. Suppose -x + m = 2*x. List the prime factors of 4/x + (-722)/(-22).
3, 11
Let l(o) = -88*o - 108. List the prime factors of l(-14).
2, 281
Suppose -3*a + 2*i = -107, -2*a + 0*i + 3*i = -78. List the prime factors of a.
3, 11
Let h(i) = i**3 + 7*i**2 + 7*i - 4. Let m be h(-6). Let q = 14 + m. Suppose -q*y + y - 3 = 0, -5*v + 2*y + 47 = 0. What are the prime factors of v?
3
Suppose -3*t + 5 = 5*r - 25, 3*t = 5*r. List the prime factors of t.
5
Let i(b) = 1325*b + 4. What are the prime factors of i(1)?
3, 443
Suppose -2*p + p - g + 71 = 0, 15 = 5*g. Suppose -q + p = -59. What are the prime factors of q?
127
Suppose 0 = 5*p + 3*z + 80, -115 = 5*p - 5*z + z. Let n = 46 + p. List the prime factors of n.
3
Let f be (-102)/(-9)*(30/(-4))/(-5). Suppose -2*l = f - 323. List the prime factors of l.
3, 17
Let u = 133 - 21. What are the prime factors of u?
2, 7
Suppose x = 4*v - 62, 0*v - v + x + 14 = 0. Suppose 0 = 4*i + 4*n - 36, 2*n - v = -4*i + 3*n. List the prime factors of 3/i + 1104/60.
19
Let t